{"id":4777,"date":"2016-04-27T12:00:46","date_gmt":"2016-04-27T16:00:46","guid":{"rendered":"https:\/\/hudsontable.com\/schedule-a-class\/creme-puffs-eclairs-and-more-mastering-choux-pastry\/"},"modified":"2016-06-04T13:17:34","modified_gmt":"2016-06-04T17:17:34","slug":"creme-puffs-eclairs-and-more-mastering-choux-pastry","status":"publish","type":"product","link":"https:\/\/hudsontable.com\/hoboken\/product\/creme-puffs-eclairs-and-more-mastering-choux-pastry\/","title":{"rendered":"CREME PUFFS, \u00c9CLAIRS, AND MORE (MASTERING CHOUX PASTRY)"},"content":{"rendered":"<p><span style=\"font-weight: 400;\">Choux pastry or (p\u00e2te \u00e0 choux) is a classic pastry technique and is the base that yields all sorts of delectable desserts from eclairs to creme puffs. \u00a0Learn to make these delicious treats from scratch and take plenty home to share with your friends and family!<\/span><\/p>\n","protected":false},"excerpt":{"rendered":"<p>Choux pastry or (p\u00e2te \u00e0 choux) is a classic pastry technique and is the base that yields all sorts of delectable desserts from eclairs to creme puffs. \u00a0Learn to make these delicious treats from scratch and take plenty home to share with your friends and family!<\/p>\n","protected":false},"featured_media":4778,"comment_status":"closed","ping_status":"closed","template":"","meta":{"_monsterinsights_skip_tracking":false,"_monsterinsights_sitenote_active":false,"_monsterinsights_sitenote_note":"","_monsterinsights_sitenote_category":0},"product_cat":[8],"product_tag":[],"class_list":{"0":"post-4777","1":"product","2":"type-product","3":"status-publish","4":"has-post-thumbnail","6":"product_cat-schedule-class","8":"first","9":"instock","10":"purchasable","11":"product-type-simple"},"yoast_head":"<!-- This site is optimized with the Yoast SEO plugin v23.0 - https:\/\/yoast.com\/wordpress\/plugins\/seo\/ -->\n<title>CREME PUFFS, \u00c9CLAIRS, AND MORE (MASTERING CHOUX PASTRY) - Hudson Table | Hoboken, NJ<\/title>\n<meta name=\"robots\" content=\"index, follow, max-snippet:-1, max-image-preview:large, max-video-preview:-1\" \/>\n<link rel=\"canonical\" href=\"https:\/\/hudsontable.com\/hoboken\/product\/creme-puffs-eclairs-and-more-mastering-choux-pastry\/\" \/>\n<meta property=\"og:locale\" content=\"en_US\" \/>\n<meta property=\"og:type\" content=\"article\" \/>\n<meta property=\"og:title\" content=\"CREME PUFFS, \u00c9CLAIRS, AND MORE (MASTERING CHOUX PASTRY) - Hudson Table | Hoboken, NJ\" \/>\n<meta property=\"og:description\" content=\"Choux pastry or (p\u00e2te \u00e0 choux) is a classic pastry technique and is the base that yields all sorts of delectable desserts from eclairs to creme puffs. \u00a0Learn to make these delicious treats from scratch and take plenty home to share with your friends and family!\" \/>\n<meta property=\"og:url\" content=\"https:\/\/hudsontable.com\/hoboken\/product\/creme-puffs-eclairs-and-more-mastering-choux-pastry\/\" \/>\n<meta property=\"og:site_name\" content=\"Hudson Table | Hoboken, NJ\" \/>\n<meta property=\"article:modified_time\" content=\"2016-06-04T17:17:34+00:00\" \/>\n<meta property=\"og:image\" content=\"https:\/\/hudsontable.com\/hoboken\/wp-content\/uploads\/2016\/04\/choux-landscape.jpg\" \/>\n\t<meta property=\"og:image:width\" content=\"1000\" \/>\n\t<meta property=\"og:image:height\" content=\"667\" \/>\n\t<meta property=\"og:image:type\" content=\"image\/jpeg\" \/>\n<meta name=\"twitter:card\" content=\"summary_large_image\" \/>\n<script type=\"application\/ld+json\" class=\"yoast-schema-graph\">{\"@context\":\"https:\/\/schema.org\",\"@graph\":[{\"@type\":\"WebPage\",\"@id\":\"https:\/\/hudsontable.com\/hoboken\/product\/creme-puffs-eclairs-and-more-mastering-choux-pastry\/\",\"url\":\"https:\/\/hudsontable.com\/hoboken\/product\/creme-puffs-eclairs-and-more-mastering-choux-pastry\/\",\"name\":\"CREME PUFFS, \u00c9CLAIRS, AND MORE (MASTERING CHOUX PASTRY) - Hudson Table | Hoboken, NJ\",\"isPartOf\":{\"@id\":\"https:\/\/hudsontable.com\/hoboken\/#website\"},\"primaryImageOfPage\":{\"@id\":\"https:\/\/hudsontable.com\/hoboken\/product\/creme-puffs-eclairs-and-more-mastering-choux-pastry\/#primaryimage\"},\"image\":{\"@id\":\"https:\/\/hudsontable.com\/hoboken\/product\/creme-puffs-eclairs-and-more-mastering-choux-pastry\/#primaryimage\"},\"thumbnailUrl\":\"https:\/\/hudsontable.com\/hoboken\/wp-content\/uploads\/2016\/04\/choux-landscape.jpg\",\"datePublished\":\"2016-04-27T16:00:46+00:00\",\"dateModified\":\"2016-06-04T17:17:34+00:00\",\"breadcrumb\":{\"@id\":\"https:\/\/hudsontable.com\/hoboken\/product\/creme-puffs-eclairs-and-more-mastering-choux-pastry\/#breadcrumb\"},\"inLanguage\":\"en-US\",\"potentialAction\":[{\"@type\":\"ReadAction\",\"target\":[\"https:\/\/hudsontable.com\/hoboken\/product\/creme-puffs-eclairs-and-more-mastering-choux-pastry\/\"]}]},{\"@type\":\"ImageObject\",\"inLanguage\":\"en-US\",\"@id\":\"https:\/\/hudsontable.com\/hoboken\/product\/creme-puffs-eclairs-and-more-mastering-choux-pastry\/#primaryimage\",\"url\":\"https:\/\/hudsontable.com\/hoboken\/wp-content\/uploads\/2016\/04\/choux-landscape.jpg\",\"contentUrl\":\"https:\/\/hudsontable.com\/hoboken\/wp-content\/uploads\/2016\/04\/choux-landscape.jpg\",\"width\":1000,\"height\":667},{\"@type\":\"BreadcrumbList\",\"@id\":\"https:\/\/hudsontable.com\/hoboken\/product\/creme-puffs-eclairs-and-more-mastering-choux-pastry\/#breadcrumb\",\"itemListElement\":[{\"@type\":\"ListItem\",\"position\":1,\"name\":\"Home\",\"item\":\"https:\/\/hudsontable.com\/hoboken\/\"},{\"@type\":\"ListItem\",\"position\":2,\"name\":\"SCHEDULE A CLASS\",\"item\":\"https:\/\/hudsontable.com\/hoboken\/schedule-a-class\/\"},{\"@type\":\"ListItem\",\"position\":3,\"name\":\"CREME PUFFS, \u00c9CLAIRS, AND MORE (MASTERING CHOUX PASTRY)\"}]},{\"@type\":\"WebSite\",\"@id\":\"https:\/\/hudsontable.com\/hoboken\/#website\",\"url\":\"https:\/\/hudsontable.com\/hoboken\/\",\"name\":\"Hudson Table | Hoboken, NJ\",\"description\":\"More than just a cooking school\",\"publisher\":{\"@id\":\"https:\/\/hudsontable.com\/hoboken\/#organization\"},\"potentialAction\":[{\"@type\":\"SearchAction\",\"target\":{\"@type\":\"EntryPoint\",\"urlTemplate\":\"https:\/\/hudsontable.com\/hoboken\/?s={search_term_string}\"},\"query-input\":\"required name=search_term_string\"}],\"inLanguage\":\"en-US\"},{\"@type\":\"Organization\",\"@id\":\"https:\/\/hudsontable.com\/hoboken\/#organization\",\"name\":\"Hudson Table Hoboken\",\"url\":\"https:\/\/hudsontable.com\/hoboken\/\",\"logo\":{\"@type\":\"ImageObject\",\"inLanguage\":\"en-US\",\"@id\":\"https:\/\/hudsontable.com\/hoboken\/#\/schema\/logo\/image\/\",\"url\":\"https:\/\/hudsontable.com\/hoboken\/wp-content\/uploads\/2015\/09\/hudson_table_logo.png\",\"contentUrl\":\"https:\/\/hudsontable.com\/hoboken\/wp-content\/uploads\/2015\/09\/hudson_table_logo.png\",\"width\":150,\"height\":75,\"caption\":\"Hudson Table Hoboken\"},\"image\":{\"@id\":\"https:\/\/hudsontable.com\/hoboken\/#\/schema\/logo\/image\/\"}}]}<\/script>\n<!-- \/ Yoast SEO plugin. -->","yoast_head_json":{"title":"CREME PUFFS, \u00c9CLAIRS, AND MORE (MASTERING CHOUX PASTRY) - Hudson Table | Hoboken, NJ","robots":{"index":"index","follow":"follow","max-snippet":"max-snippet:-1","max-image-preview":"max-image-preview:large","max-video-preview":"max-video-preview:-1"},"canonical":"https:\/\/hudsontable.com\/hoboken\/product\/creme-puffs-eclairs-and-more-mastering-choux-pastry\/","og_locale":"en_US","og_type":"article","og_title":"CREME PUFFS, \u00c9CLAIRS, AND MORE (MASTERING CHOUX PASTRY) - Hudson Table | Hoboken, NJ","og_description":"Choux pastry or (p\u00e2te \u00e0 choux) is a classic pastry technique and is the base that yields all sorts of delectable desserts from eclairs to creme puffs. \u00a0Learn to make these delicious treats from scratch and take plenty home to share with your friends and family!","og_url":"https:\/\/hudsontable.com\/hoboken\/product\/creme-puffs-eclairs-and-more-mastering-choux-pastry\/","og_site_name":"Hudson Table | Hoboken, NJ","article_modified_time":"2016-06-04T17:17:34+00:00","og_image":[{"width":1000,"height":667,"url":"https:\/\/hudsontable.com\/hoboken\/wp-content\/uploads\/2016\/04\/choux-landscape.jpg","type":"image\/jpeg"}],"twitter_card":"summary_large_image","schema":{"@context":"https:\/\/schema.org","@graph":[{"@type":"WebPage","@id":"https:\/\/hudsontable.com\/hoboken\/product\/creme-puffs-eclairs-and-more-mastering-choux-pastry\/","url":"https:\/\/hudsontable.com\/hoboken\/product\/creme-puffs-eclairs-and-more-mastering-choux-pastry\/","name":"CREME PUFFS, \u00c9CLAIRS, AND MORE (MASTERING CHOUX PASTRY) - Hudson Table | Hoboken, NJ","isPartOf":{"@id":"https:\/\/hudsontable.com\/hoboken\/#website"},"primaryImageOfPage":{"@id":"https:\/\/hudsontable.com\/hoboken\/product\/creme-puffs-eclairs-and-more-mastering-choux-pastry\/#primaryimage"},"image":{"@id":"https:\/\/hudsontable.com\/hoboken\/product\/creme-puffs-eclairs-and-more-mastering-choux-pastry\/#primaryimage"},"thumbnailUrl":"https:\/\/hudsontable.com\/hoboken\/wp-content\/uploads\/2016\/04\/choux-landscape.jpg","datePublished":"2016-04-27T16:00:46+00:00","dateModified":"2016-06-04T17:17:34+00:00","breadcrumb":{"@id":"https:\/\/hudsontable.com\/hoboken\/product\/creme-puffs-eclairs-and-more-mastering-choux-pastry\/#breadcrumb"},"inLanguage":"en-US","potentialAction":[{"@type":"ReadAction","target":["https:\/\/hudsontable.com\/hoboken\/product\/creme-puffs-eclairs-and-more-mastering-choux-pastry\/"]}]},{"@type":"ImageObject","inLanguage":"en-US","@id":"https:\/\/hudsontable.com\/hoboken\/product\/creme-puffs-eclairs-and-more-mastering-choux-pastry\/#primaryimage","url":"https:\/\/hudsontable.com\/hoboken\/wp-content\/uploads\/2016\/04\/choux-landscape.jpg","contentUrl":"https:\/\/hudsontable.com\/hoboken\/wp-content\/uploads\/2016\/04\/choux-landscape.jpg","width":1000,"height":667},{"@type":"BreadcrumbList","@id":"https:\/\/hudsontable.com\/hoboken\/product\/creme-puffs-eclairs-and-more-mastering-choux-pastry\/#breadcrumb","itemListElement":[{"@type":"ListItem","position":1,"name":"Home","item":"https:\/\/hudsontable.com\/hoboken\/"},{"@type":"ListItem","position":2,"name":"SCHEDULE A CLASS","item":"https:\/\/hudsontable.com\/hoboken\/schedule-a-class\/"},{"@type":"ListItem","position":3,"name":"CREME PUFFS, \u00c9CLAIRS, AND MORE (MASTERING CHOUX PASTRY)"}]},{"@type":"WebSite","@id":"https:\/\/hudsontable.com\/hoboken\/#website","url":"https:\/\/hudsontable.com\/hoboken\/","name":"Hudson Table | Hoboken, NJ","description":"More than just a cooking school","publisher":{"@id":"https:\/\/hudsontable.com\/hoboken\/#organization"},"potentialAction":[{"@type":"SearchAction","target":{"@type":"EntryPoint","urlTemplate":"https:\/\/hudsontable.com\/hoboken\/?s={search_term_string}"},"query-input":"required name=search_term_string"}],"inLanguage":"en-US"},{"@type":"Organization","@id":"https:\/\/hudsontable.com\/hoboken\/#organization","name":"Hudson Table Hoboken","url":"https:\/\/hudsontable.com\/hoboken\/","logo":{"@type":"ImageObject","inLanguage":"en-US","@id":"https:\/\/hudsontable.com\/hoboken\/#\/schema\/logo\/image\/","url":"https:\/\/hudsontable.com\/hoboken\/wp-content\/uploads\/2015\/09\/hudson_table_logo.png","contentUrl":"https:\/\/hudsontable.com\/hoboken\/wp-content\/uploads\/2015\/09\/hudson_table_logo.png","width":150,"height":75,"caption":"Hudson Table Hoboken"},"image":{"@id":"https:\/\/hudsontable.com\/hoboken\/#\/schema\/logo\/image\/"}}]}},"_links":{"self":[{"href":"https:\/\/hudsontable.com\/hoboken\/wp-json\/wp\/v2\/product\/4777"}],"collection":[{"href":"https:\/\/hudsontable.com\/hoboken\/wp-json\/wp\/v2\/product"}],"about":[{"href":"https:\/\/hudsontable.com\/hoboken\/wp-json\/wp\/v2\/types\/product"}],"replies":[{"embeddable":true,"href":"https:\/\/hudsontable.com\/hoboken\/wp-json\/wp\/v2\/comments?post=4777"}],"wp:featuredmedia":[{"embeddable":true,"href":"https:\/\/hudsontable.com\/hoboken\/wp-json\/wp\/v2\/media\/4778"}],"wp:attachment":[{"href":"https:\/\/hudsontable.com\/hoboken\/wp-json\/wp\/v2\/media?parent=4777"}],"wp:term":[{"taxonomy":"product_cat","embeddable":true,"href":"https:\/\/hudsontable.com\/hoboken\/wp-json\/wp\/v2\/product_cat?post=4777"},{"taxonomy":"product_tag","embeddable":true,"href":"https:\/\/hudsontable.com\/hoboken\/wp-json\/wp\/v2\/product_tag?post=4777"}],"curies":[{"name":"wp","href":"https:\/\/api.w.org\/{rel}","templated":true}]}}