{"id":43412,"date":"2020-09-30T12:00:14","date_gmt":"2020-09-30T16:00:14","guid":{"rendered":"https:\/\/hudsontable.com\/?post_type=product&#038;p=43412"},"modified":"2020-10-15T15:58:14","modified_gmt":"2020-10-15T19:58:14","slug":"couples-brunch-hands-on","status":"publish","type":"product","link":"https:\/\/hudsontable.com\/hoboken\/product\/couples-brunch-hands-on\/","title":{"rendered":"COUPLES BRUNCH &#8211; HANDS ON"},"content":{"rendered":"<p>Turn your weekend brunch into an interactive experience with someone special.\u00a0 Our brunch class hits all the right notes with a savory duck confit with bitter greens, our decadent cr\u00e9me br\u00fbl\u00e9e french toast, buttery popovers with compound butter, and your classic hash browns.\u00a0 We&#8217;ll demystify the poached egg and cover lots of technique.\u00a0 Mimosas optional!<\/p>\n<p>Classes will be reduced capacity with all tables being 6&#8242; apart and\/or separated by plexiglass dividers. All guests will be required to wear masks until ready for dining. If the weather permits, we will have tables outside for that portion of the evening. All tickets are priced per table for up to 4 guests that will be cooking and dining together, separate from the other tables. If you&#8217;d like to book more than 1 table this would require a buyout. Please email info@hudsontable.com for pricing regarding a private class.<\/p>\n<p>***All guests will be temp checked at the door and any guest registering at a temp above the CDC guidelines will be turned away. Mask wearing will be strictly enforced to ensure the safety of all guests and our staff***<\/p>\n<p>&nbsp;<\/p>\n","protected":false},"excerpt":{"rendered":"<p>Turn your weekend brunch into an interactive experience with someone special.\u00a0 Our brunch class hits all the right notes with a savory duck confit with bitter greens, our decadent cr\u00e9me br\u00fbl\u00e9e french toast, buttery popovers with compound butter, and your classic hash browns.\u00a0 We&#8217;ll demystify the poached egg and cover lots of technique.\u00a0 Mimosas optional! [&hellip;]<\/p>\n","protected":false},"featured_media":3445,"comment_status":"open","ping_status":"closed","template":"","meta":{"_monsterinsights_skip_tracking":false,"_monsterinsights_sitenote_active":false,"_monsterinsights_sitenote_note":"","_monsterinsights_sitenote_category":0},"product_cat":[8],"product_tag":[],"class_list":{"0":"post-43412","1":"product","2":"type-product","3":"status-publish","4":"has-post-thumbnail","6":"product_cat-schedule-class","8":"first","9":"outofstock","10":"purchasable","11":"product-type-simple"},"yoast_head":"<!-- This site is optimized with the Yoast SEO plugin v23.0 - https:\/\/yoast.com\/wordpress\/plugins\/seo\/ -->\n<title>COUPLES BRUNCH - HANDS ON - Hudson Table | Hoboken, NJ<\/title>\n<meta name=\"robots\" content=\"index, follow, max-snippet:-1, max-image-preview:large, max-video-preview:-1\" \/>\n<link rel=\"canonical\" href=\"https:\/\/hudsontable.com\/hoboken\/product\/couples-brunch-hands-on\/\" \/>\n<meta property=\"og:locale\" content=\"en_US\" \/>\n<meta property=\"og:type\" content=\"article\" \/>\n<meta property=\"og:title\" content=\"COUPLES BRUNCH - HANDS ON - Hudson Table | Hoboken, NJ\" \/>\n<meta property=\"og:description\" content=\"Turn your weekend brunch into an interactive experience with someone special.\u00a0 Our brunch class hits all the right notes with a savory duck confit with bitter greens, our decadent cr\u00e9me br\u00fbl\u00e9e french toast, buttery popovers with compound butter, and your classic hash browns.\u00a0 We&#8217;ll demystify the poached egg and cover lots of technique.\u00a0 Mimosas optional! [&hellip;]\" \/>\n<meta property=\"og:url\" content=\"https:\/\/hudsontable.com\/hoboken\/product\/couples-brunch-hands-on\/\" \/>\n<meta property=\"og:site_name\" content=\"Hudson Table | Hoboken, NJ\" \/>\n<meta property=\"article:modified_time\" content=\"2020-10-15T19:58:14+00:00\" \/>\n<meta property=\"og:image\" content=\"https:\/\/hudsontable.com\/hoboken\/wp-content\/uploads\/2016\/01\/Couples-Brunch.jpg\" \/>\n\t<meta property=\"og:image:width\" content=\"464\" \/>\n\t<meta property=\"og:image:height\" content=\"249\" \/>\n\t<meta property=\"og:image:type\" content=\"image\/jpeg\" \/>\n<meta name=\"twitter:card\" content=\"summary_large_image\" \/>\n<meta name=\"twitter:label1\" content=\"Est. reading time\" \/>\n\t<meta name=\"twitter:data1\" content=\"1 minute\" \/>\n<script type=\"application\/ld+json\" class=\"yoast-schema-graph\">{\"@context\":\"https:\/\/schema.org\",\"@graph\":[{\"@type\":\"WebPage\",\"@id\":\"https:\/\/hudsontable.com\/hoboken\/product\/couples-brunch-hands-on\/\",\"url\":\"https:\/\/hudsontable.com\/hoboken\/product\/couples-brunch-hands-on\/\",\"name\":\"COUPLES BRUNCH - HANDS ON - Hudson Table | Hoboken, NJ\",\"isPartOf\":{\"@id\":\"https:\/\/hudsontable.com\/hoboken\/#website\"},\"primaryImageOfPage\":{\"@id\":\"https:\/\/hudsontable.com\/hoboken\/product\/couples-brunch-hands-on\/#primaryimage\"},\"image\":{\"@id\":\"https:\/\/hudsontable.com\/hoboken\/product\/couples-brunch-hands-on\/#primaryimage\"},\"thumbnailUrl\":\"https:\/\/hudsontable.com\/hoboken\/wp-content\/uploads\/2016\/01\/Couples-Brunch.jpg\",\"datePublished\":\"2020-09-30T16:00:14+00:00\",\"dateModified\":\"2020-10-15T19:58:14+00:00\",\"breadcrumb\":{\"@id\":\"https:\/\/hudsontable.com\/hoboken\/product\/couples-brunch-hands-on\/#breadcrumb\"},\"inLanguage\":\"en-US\",\"potentialAction\":[{\"@type\":\"ReadAction\",\"target\":[\"https:\/\/hudsontable.com\/hoboken\/product\/couples-brunch-hands-on\/\"]}]},{\"@type\":\"ImageObject\",\"inLanguage\":\"en-US\",\"@id\":\"https:\/\/hudsontable.com\/hoboken\/product\/couples-brunch-hands-on\/#primaryimage\",\"url\":\"https:\/\/hudsontable.com\/hoboken\/wp-content\/uploads\/2016\/01\/Couples-Brunch.jpg\",\"contentUrl\":\"https:\/\/hudsontable.com\/hoboken\/wp-content\/uploads\/2016\/01\/Couples-Brunch.jpg\",\"width\":464,\"height\":249},{\"@type\":\"BreadcrumbList\",\"@id\":\"https:\/\/hudsontable.com\/hoboken\/product\/couples-brunch-hands-on\/#breadcrumb\",\"itemListElement\":[{\"@type\":\"ListItem\",\"position\":1,\"name\":\"Home\",\"item\":\"https:\/\/hudsontable.com\/hoboken\/\"},{\"@type\":\"ListItem\",\"position\":2,\"name\":\"SCHEDULE A CLASS\",\"item\":\"https:\/\/hudsontable.com\/hoboken\/schedule-a-class\/\"},{\"@type\":\"ListItem\",\"position\":3,\"name\":\"COUPLES BRUNCH &#8211; HANDS ON\"}]},{\"@type\":\"WebSite\",\"@id\":\"https:\/\/hudsontable.com\/hoboken\/#website\",\"url\":\"https:\/\/hudsontable.com\/hoboken\/\",\"name\":\"Hudson Table | Hoboken, NJ\",\"description\":\"More than just a cooking school\",\"publisher\":{\"@id\":\"https:\/\/hudsontable.com\/hoboken\/#organization\"},\"potentialAction\":[{\"@type\":\"SearchAction\",\"target\":{\"@type\":\"EntryPoint\",\"urlTemplate\":\"https:\/\/hudsontable.com\/hoboken\/?s={search_term_string}\"},\"query-input\":\"required name=search_term_string\"}],\"inLanguage\":\"en-US\"},{\"@type\":\"Organization\",\"@id\":\"https:\/\/hudsontable.com\/hoboken\/#organization\",\"name\":\"Hudson Table Hoboken\",\"url\":\"https:\/\/hudsontable.com\/hoboken\/\",\"logo\":{\"@type\":\"ImageObject\",\"inLanguage\":\"en-US\",\"@id\":\"https:\/\/hudsontable.com\/hoboken\/#\/schema\/logo\/image\/\",\"url\":\"https:\/\/hudsontable.com\/hoboken\/wp-content\/uploads\/2015\/09\/hudson_table_logo.png\",\"contentUrl\":\"https:\/\/hudsontable.com\/hoboken\/wp-content\/uploads\/2015\/09\/hudson_table_logo.png\",\"width\":150,\"height\":75,\"caption\":\"Hudson Table Hoboken\"},\"image\":{\"@id\":\"https:\/\/hudsontable.com\/hoboken\/#\/schema\/logo\/image\/\"}}]}<\/script>\n<!-- \/ Yoast SEO plugin. -->","yoast_head_json":{"title":"COUPLES BRUNCH - HANDS ON - Hudson Table | Hoboken, NJ","robots":{"index":"index","follow":"follow","max-snippet":"max-snippet:-1","max-image-preview":"max-image-preview:large","max-video-preview":"max-video-preview:-1"},"canonical":"https:\/\/hudsontable.com\/hoboken\/product\/couples-brunch-hands-on\/","og_locale":"en_US","og_type":"article","og_title":"COUPLES BRUNCH - HANDS ON - Hudson Table | Hoboken, NJ","og_description":"Turn your weekend brunch into an interactive experience with someone special.\u00a0 Our brunch class hits all the right notes with a savory duck confit with bitter greens, our decadent cr\u00e9me br\u00fbl\u00e9e french toast, buttery popovers with compound butter, and your classic hash browns.\u00a0 We&#8217;ll demystify the poached egg and cover lots of technique.\u00a0 Mimosas optional! [&hellip;]","og_url":"https:\/\/hudsontable.com\/hoboken\/product\/couples-brunch-hands-on\/","og_site_name":"Hudson Table | Hoboken, NJ","article_modified_time":"2020-10-15T19:58:14+00:00","og_image":[{"width":464,"height":249,"url":"https:\/\/hudsontable.com\/hoboken\/wp-content\/uploads\/2016\/01\/Couples-Brunch.jpg","type":"image\/jpeg"}],"twitter_card":"summary_large_image","twitter_misc":{"Est. reading time":"1 minute"},"schema":{"@context":"https:\/\/schema.org","@graph":[{"@type":"WebPage","@id":"https:\/\/hudsontable.com\/hoboken\/product\/couples-brunch-hands-on\/","url":"https:\/\/hudsontable.com\/hoboken\/product\/couples-brunch-hands-on\/","name":"COUPLES BRUNCH - HANDS ON - Hudson Table | Hoboken, NJ","isPartOf":{"@id":"https:\/\/hudsontable.com\/hoboken\/#website"},"primaryImageOfPage":{"@id":"https:\/\/hudsontable.com\/hoboken\/product\/couples-brunch-hands-on\/#primaryimage"},"image":{"@id":"https:\/\/hudsontable.com\/hoboken\/product\/couples-brunch-hands-on\/#primaryimage"},"thumbnailUrl":"https:\/\/hudsontable.com\/hoboken\/wp-content\/uploads\/2016\/01\/Couples-Brunch.jpg","datePublished":"2020-09-30T16:00:14+00:00","dateModified":"2020-10-15T19:58:14+00:00","breadcrumb":{"@id":"https:\/\/hudsontable.com\/hoboken\/product\/couples-brunch-hands-on\/#breadcrumb"},"inLanguage":"en-US","potentialAction":[{"@type":"ReadAction","target":["https:\/\/hudsontable.com\/hoboken\/product\/couples-brunch-hands-on\/"]}]},{"@type":"ImageObject","inLanguage":"en-US","@id":"https:\/\/hudsontable.com\/hoboken\/product\/couples-brunch-hands-on\/#primaryimage","url":"https:\/\/hudsontable.com\/hoboken\/wp-content\/uploads\/2016\/01\/Couples-Brunch.jpg","contentUrl":"https:\/\/hudsontable.com\/hoboken\/wp-content\/uploads\/2016\/01\/Couples-Brunch.jpg","width":464,"height":249},{"@type":"BreadcrumbList","@id":"https:\/\/hudsontable.com\/hoboken\/product\/couples-brunch-hands-on\/#breadcrumb","itemListElement":[{"@type":"ListItem","position":1,"name":"Home","item":"https:\/\/hudsontable.com\/hoboken\/"},{"@type":"ListItem","position":2,"name":"SCHEDULE A CLASS","item":"https:\/\/hudsontable.com\/hoboken\/schedule-a-class\/"},{"@type":"ListItem","position":3,"name":"COUPLES BRUNCH &#8211; HANDS ON"}]},{"@type":"WebSite","@id":"https:\/\/hudsontable.com\/hoboken\/#website","url":"https:\/\/hudsontable.com\/hoboken\/","name":"Hudson Table | Hoboken, NJ","description":"More than just a cooking school","publisher":{"@id":"https:\/\/hudsontable.com\/hoboken\/#organization"},"potentialAction":[{"@type":"SearchAction","target":{"@type":"EntryPoint","urlTemplate":"https:\/\/hudsontable.com\/hoboken\/?s={search_term_string}"},"query-input":"required name=search_term_string"}],"inLanguage":"en-US"},{"@type":"Organization","@id":"https:\/\/hudsontable.com\/hoboken\/#organization","name":"Hudson Table Hoboken","url":"https:\/\/hudsontable.com\/hoboken\/","logo":{"@type":"ImageObject","inLanguage":"en-US","@id":"https:\/\/hudsontable.com\/hoboken\/#\/schema\/logo\/image\/","url":"https:\/\/hudsontable.com\/hoboken\/wp-content\/uploads\/2015\/09\/hudson_table_logo.png","contentUrl":"https:\/\/hudsontable.com\/hoboken\/wp-content\/uploads\/2015\/09\/hudson_table_logo.png","width":150,"height":75,"caption":"Hudson Table Hoboken"},"image":{"@id":"https:\/\/hudsontable.com\/hoboken\/#\/schema\/logo\/image\/"}}]}},"_links":{"self":[{"href":"https:\/\/hudsontable.com\/hoboken\/wp-json\/wp\/v2\/product\/43412"}],"collection":[{"href":"https:\/\/hudsontable.com\/hoboken\/wp-json\/wp\/v2\/product"}],"about":[{"href":"https:\/\/hudsontable.com\/hoboken\/wp-json\/wp\/v2\/types\/product"}],"replies":[{"embeddable":true,"href":"https:\/\/hudsontable.com\/hoboken\/wp-json\/wp\/v2\/comments?post=43412"}],"wp:featuredmedia":[{"embeddable":true,"href":"https:\/\/hudsontable.com\/hoboken\/wp-json\/wp\/v2\/media\/3445"}],"wp:attachment":[{"href":"https:\/\/hudsontable.com\/hoboken\/wp-json\/wp\/v2\/media?parent=43412"}],"wp:term":[{"taxonomy":"product_cat","embeddable":true,"href":"https:\/\/hudsontable.com\/hoboken\/wp-json\/wp\/v2\/product_cat?post=43412"},{"taxonomy":"product_tag","embeddable":true,"href":"https:\/\/hudsontable.com\/hoboken\/wp-json\/wp\/v2\/product_tag?post=43412"}],"curies":[{"name":"wp","href":"https:\/\/api.w.org\/{rel}","templated":true}]}}